{"id":281,"date":"2018-04-30T15:31:57","date_gmt":"2018-04-30T13:31:57","guid":{"rendered":"https:\/\/www.hunton.no\/marketing\/?page_id=281"},"modified":"2018-06-04T15:43:59","modified_gmt":"2018-06-04T13:43:59","slug":"nativo-tack","status":"publish","type":"page","link":"https:\/\/www.hunton.no\/marketing\/nativo-se\/nativo-tack\/","title":{"rendered":"Nativo &#8211; Tack"},"content":{"rendered":"\n<style type=\"text\/css\" data-created_by=\"avia_inline_auto\" id=\"style-css-av-53mk1-39d8d0ed44a1a1c0efbf95ff48d05635\">\n.avia-section.av-53mk1-39d8d0ed44a1a1c0efbf95ff48d05635{\nbackground-repeat:no-repeat;\nbackground-image:url(https:\/\/www.hunton.no\/marketing\/wp-content\/uploads\/sites\/22\/2018\/01\/forrest.jpg);\nbackground-position:0% 0%;\nbackground-attachment:scroll;\n}\n<\/style>\n<div id='tilbud'  class='avia-section av-53mk1-39d8d0ed44a1a1c0efbf95ff48d05635 main_color avia-section-default avia-no-shadow  avia-builder-el-0  avia-builder-el-no-sibling  avia-full-stretch avia-bg-style-scroll av-minimum-height av-minimum-height-100 av-height-100  container_wrap sidebar_right'  data-section-bg-repeat='stretch' data-av_minimum_height_pc='100' data-av_min_height_opt='100'><div class='container av-section-cont-open' ><main  role=\"main\" itemprop=\"mainContentOfPage\"  class='template-page content  av-content-small alpha units'><div class='post-entry post-entry-type-page post-entry-281'><div class='entry-content-wrapper clearfix'>\n\n<style type=\"text\/css\" data-created_by=\"avia_inline_auto\" id=\"style-css-av-1b9qk9-460efd4df1fd4b92aee2a2daccaeba68\">\n.flex_column.av-1b9qk9-460efd4df1fd4b92aee2a2daccaeba68{\nborder-radius:0px 0px 0px 0px;\npadding:0px 0px 0px 0px;\n}\n<\/style>\n<div  class='flex_column av-1b9qk9-460efd4df1fd4b92aee2a2daccaeba68 av_one_fifth  avia-builder-el-1  el_before_av_three_fifth  avia-builder-el-first  first av-break-at-tablet flex_column_div av-zero-column-padding  '     ><\/div>\n<style type=\"text\/css\" data-created_by=\"avia_inline_auto\" id=\"style-css-av-13k1nd-32c8b13dd3558dc92c9363bc91106931\">\n.flex_column.av-13k1nd-32c8b13dd3558dc92c9363bc91106931{\nborder-radius:0px 0px 0px 0px;\npadding:40px 40px 40px 40px;\nbackground-color:#ffffff;\n}\n<\/style>\n<div  class='flex_column av-13k1nd-32c8b13dd3558dc92c9363bc91106931 av_three_fifth  avia-builder-el-2  el_after_av_one_fifth  el_before_av_one_fifth  av-break-at-tablet flex_column_div  '     ><p>\n<style type=\"text\/css\" data-created_by=\"avia_inline_auto\" id=\"style-css-av-wmu75-e7f319566bba2a8565625e91ef9c2f87\">\n.avia-image-container.av-wmu75-e7f319566bba2a8565625e91ef9c2f87 img.avia_image{\nbox-shadow:none;\n}\n.avia-image-container.av-wmu75-e7f319566bba2a8565625e91ef9c2f87 .av-image-caption-overlay-center{\ncolor:#ffffff;\n}\n<\/style>\n<div  class='avia-image-container av-wmu75-e7f319566bba2a8565625e91ef9c2f87 av-styling- av-img-linked avia-align-left  avia-builder-el-3  el_before_av_hr  avia-builder-el-first '   itemprop=\"image\" itemscope=\"itemscope\" itemtype=\"https:\/\/schema.org\/ImageObject\" ><div class=\"avia-image-container-inner\"><div class=\"avia-image-overlay-wrap\"><a href=\"https:\/\/www.hunton.se\/\" class='avia_image '  aria-label='hunton_logo_hoved'><img fetchpriority=\"high\" class='wp-image-198 avia-img-lazy-loading-not-198 avia_image ' src='https:\/\/www.hunton.no\/marketing\/wp-content\/uploads\/sites\/22\/2018\/01\/hunton_logo_hoved.png' alt='' title='hunton_logo_hoved'  height=\"58\" width=\"200\"  itemprop=\"thumbnailUrl\"  \/><\/a><\/div><\/div><\/div><br \/>\n<div  class='hr av-pfq9l-2bf120f10575320063c1ada4d6a7e07e hr-default  avia-builder-el-4  el_after_av_image  el_before_av_textblock '><span class='hr-inner '><span class=\"hr-inner-style\"><\/span><\/span><\/div><br \/>\n<section  class='av_textblock_section av-n10cp-ae92e38608da3867f8f4b9c05199d456 '   itemscope=\"itemscope\" itemtype=\"https:\/\/schema.org\/CreativeWork\" ><div class='avia_textblock'  itemprop=\"text\" ><h2><b>Tack f\u00f6r din f\u00f6rfr\u00e5gan<\/b><\/h2>\n<\/div><\/section><br \/>\n<section  class='av_textblock_section av-fpxo9-54584b8274d3e85f2b671e3e8d51ddf7 '   itemscope=\"itemscope\" itemtype=\"https:\/\/schema.org\/CreativeWork\" ><div class='avia_textblock'  itemprop=\"text\" ><p>Vi kontaktar dig inom kort<\/p>\n<\/div><\/section><br \/>\n<\/p><\/div>\n<style type=\"text\/css\" data-created_by=\"avia_inline_auto\" id=\"style-css-av-8w3d5-197fc081972d8a81214c25f539206b77\">\n.flex_column.av-8w3d5-197fc081972d8a81214c25f539206b77{\nborder-radius:0px 0px 0px 0px;\npadding:0px 0px 0px 0px;\n}\n<\/style>\n<div  class='flex_column av-8w3d5-197fc081972d8a81214c25f539206b77 av_one_fifth  avia-builder-el-8  el_after_av_three_fifth  avia-builder-el-last  av-break-at-tablet flex_column_div av-zero-column-padding  '     ><\/div><\/div><\/div><\/main><!-- close content main element --><\/div><\/div><div id='after_section_1'  class='main_color av_default_container_wrap container_wrap sidebar_right'  ><div class='container av-section-cont-open' ><div class='template-page content  av-content-small alpha units'><div class='post-entry post-entry-type-page post-entry-281'><div class='entry-content-wrapper clearfix'>\n","protected":false},"excerpt":{"rendered":"","protected":false},"author":27,"featured_media":0,"parent":252,"menu_order":0,"comment_status":"closed","ping_status":"closed","template":"template-blank.php","meta":{"_acf_changed":false,"content-type":"","footnotes":""},"class_list":["post-281","page","type-page","status-publish","hentry"],"acf":[],"yoast_head":"<!-- This site is optimized with the Yoast SEO plugin v27.4 - https:\/\/yoast.com\/product\/yoast-seo-wordpress\/ -->\n<title>Nativo - Tack - Hunton Marketing<\/title>\n<meta name=\"robots\" content=\"index, follow, max-snippet:-1, max-image-preview:large, max-video-preview:-1\" \/>\n<link rel=\"canonical\" href=\"https:\/\/www.hunton.no\/marketing\/nativo-se\/nativo-tack\/\" \/>\n<meta property=\"og:locale\" content=\"nb_NO\" \/>\n<meta property=\"og:type\" content=\"article\" \/>\n<meta property=\"og:title\" content=\"Nativo - Tack - Hunton Marketing\" \/>\n<meta property=\"og:url\" content=\"https:\/\/www.hunton.no\/marketing\/nativo-se\/nativo-tack\/\" \/>\n<meta property=\"og:site_name\" content=\"Hunton Marketing\" \/>\n<meta property=\"article:modified_time\" content=\"2018-06-04T13:43:59+00:00\" \/>\n<meta property=\"og:image\" content=\"https:\/\/www.facebook.com\/tr?id=481848428853796&ev=PageView&noscript=1\" \/>\n<meta name=\"twitter:card\" content=\"summary_large_image\" \/>\n<meta name=\"twitter:label1\" content=\"Ansl. lesetid\" \/>\n\t<meta name=\"twitter:data1\" content=\"3 minutter\" \/>\n<script type=\"application\/ld+json\" class=\"yoast-schema-graph\">{\"@context\":\"https:\\\/\\\/schema.org\",\"@graph\":[{\"@type\":\"WebPage\",\"@id\":\"https:\\\/\\\/www.hunton.no\\\/marketing\\\/nativo-se\\\/nativo-tack\\\/\",\"url\":\"https:\\\/\\\/www.hunton.no\\\/marketing\\\/nativo-se\\\/nativo-tack\\\/\",\"name\":\"Nativo - Tack - Hunton Marketing\",\"isPartOf\":{\"@id\":\"https:\\\/\\\/www.hunton.no\\\/marketing\\\/#website\"},\"primaryImageOfPage\":{\"@id\":\"https:\\\/\\\/www.hunton.no\\\/marketing\\\/nativo-se\\\/nativo-tack\\\/#primaryimage\"},\"image\":{\"@id\":\"https:\\\/\\\/www.hunton.no\\\/marketing\\\/nativo-se\\\/nativo-tack\\\/#primaryimage\"},\"thumbnailUrl\":\"https:\\\/\\\/www.facebook.com\\\/tr?id=481848428853796&ev=PageView&noscript=1\",\"datePublished\":\"2018-04-30T13:31:57+00:00\",\"dateModified\":\"2018-06-04T13:43:59+00:00\",\"breadcrumb\":{\"@id\":\"https:\\\/\\\/www.hunton.no\\\/marketing\\\/nativo-se\\\/nativo-tack\\\/#breadcrumb\"},\"inLanguage\":\"nb-NO\",\"potentialAction\":[{\"@type\":\"ReadAction\",\"target\":[\"https:\\\/\\\/www.hunton.no\\\/marketing\\\/nativo-se\\\/nativo-tack\\\/\"]}]},{\"@type\":\"ImageObject\",\"inLanguage\":\"nb-NO\",\"@id\":\"https:\\\/\\\/www.hunton.no\\\/marketing\\\/nativo-se\\\/nativo-tack\\\/#primaryimage\",\"url\":\"https:\\\/\\\/www.facebook.com\\\/tr?id=481848428853796&ev=PageView&noscript=1\",\"contentUrl\":\"https:\\\/\\\/www.facebook.com\\\/tr?id=481848428853796&ev=PageView&noscript=1\"},{\"@type\":\"BreadcrumbList\",\"@id\":\"https:\\\/\\\/www.hunton.no\\\/marketing\\\/nativo-se\\\/nativo-tack\\\/#breadcrumb\",\"itemListElement\":[{\"@type\":\"ListItem\",\"position\":1,\"name\":\"Hjem\",\"item\":\"https:\\\/\\\/www.hunton.no\\\/marketing\\\/\"},{\"@type\":\"ListItem\",\"position\":2,\"name\":\"Nativo SE\",\"item\":\"https:\\\/\\\/www.hunton.no\\\/marketing\\\/nativo-se\\\/\"},{\"@type\":\"ListItem\",\"position\":3,\"name\":\"Nativo &#8211; Tack\"}]},{\"@type\":\"WebSite\",\"@id\":\"https:\\\/\\\/www.hunton.no\\\/marketing\\\/#website\",\"url\":\"https:\\\/\\\/www.hunton.no\\\/marketing\\\/\",\"name\":\"Hunton Marketing\",\"description\":\"\",\"potentialAction\":[{\"@type\":\"SearchAction\",\"target\":{\"@type\":\"EntryPoint\",\"urlTemplate\":\"https:\\\/\\\/www.hunton.no\\\/marketing\\\/?s={search_term_string}\"},\"query-input\":{\"@type\":\"PropertyValueSpecification\",\"valueRequired\":true,\"valueName\":\"search_term_string\"}}],\"inLanguage\":\"nb-NO\"}]}<\/script>\n<!-- \/ Yoast SEO plugin. -->","yoast_head_json":{"title":"Nativo - Tack - Hunton Marketing","robots":{"index":"index","follow":"follow","max-snippet":"max-snippet:-1","max-image-preview":"max-image-preview:large","max-video-preview":"max-video-preview:-1"},"canonical":"https:\/\/www.hunton.no\/marketing\/nativo-se\/nativo-tack\/","og_locale":"nb_NO","og_type":"article","og_title":"Nativo - Tack - Hunton Marketing","og_url":"https:\/\/www.hunton.no\/marketing\/nativo-se\/nativo-tack\/","og_site_name":"Hunton Marketing","article_modified_time":"2018-06-04T13:43:59+00:00","og_image":[{"url":"https:\/\/www.facebook.com\/tr?id=481848428853796&ev=PageView&noscript=1","type":"","width":"","height":""}],"twitter_card":"summary_large_image","twitter_misc":{"Ansl. lesetid":"3 minutter"},"schema":{"@context":"https:\/\/schema.org","@graph":[{"@type":"WebPage","@id":"https:\/\/www.hunton.no\/marketing\/nativo-se\/nativo-tack\/","url":"https:\/\/www.hunton.no\/marketing\/nativo-se\/nativo-tack\/","name":"Nativo - Tack - Hunton Marketing","isPartOf":{"@id":"https:\/\/www.hunton.no\/marketing\/#website"},"primaryImageOfPage":{"@id":"https:\/\/www.hunton.no\/marketing\/nativo-se\/nativo-tack\/#primaryimage"},"image":{"@id":"https:\/\/www.hunton.no\/marketing\/nativo-se\/nativo-tack\/#primaryimage"},"thumbnailUrl":"https:\/\/www.facebook.com\/tr?id=481848428853796&ev=PageView&noscript=1","datePublished":"2018-04-30T13:31:57+00:00","dateModified":"2018-06-04T13:43:59+00:00","breadcrumb":{"@id":"https:\/\/www.hunton.no\/marketing\/nativo-se\/nativo-tack\/#breadcrumb"},"inLanguage":"nb-NO","potentialAction":[{"@type":"ReadAction","target":["https:\/\/www.hunton.no\/marketing\/nativo-se\/nativo-tack\/"]}]},{"@type":"ImageObject","inLanguage":"nb-NO","@id":"https:\/\/www.hunton.no\/marketing\/nativo-se\/nativo-tack\/#primaryimage","url":"https:\/\/www.facebook.com\/tr?id=481848428853796&ev=PageView&noscript=1","contentUrl":"https:\/\/www.facebook.com\/tr?id=481848428853796&ev=PageView&noscript=1"},{"@type":"BreadcrumbList","@id":"https:\/\/www.hunton.no\/marketing\/nativo-se\/nativo-tack\/#breadcrumb","itemListElement":[{"@type":"ListItem","position":1,"name":"Hjem","item":"https:\/\/www.hunton.no\/marketing\/"},{"@type":"ListItem","position":2,"name":"Nativo SE","item":"https:\/\/www.hunton.no\/marketing\/nativo-se\/"},{"@type":"ListItem","position":3,"name":"Nativo &#8211; Tack"}]},{"@type":"WebSite","@id":"https:\/\/www.hunton.no\/marketing\/#website","url":"https:\/\/www.hunton.no\/marketing\/","name":"Hunton Marketing","description":"","potentialAction":[{"@type":"SearchAction","target":{"@type":"EntryPoint","urlTemplate":"https:\/\/www.hunton.no\/marketing\/?s={search_term_string}"},"query-input":{"@type":"PropertyValueSpecification","valueRequired":true,"valueName":"search_term_string"}}],"inLanguage":"nb-NO"}]}},"_links":{"self":[{"href":"https:\/\/www.hunton.no\/marketing\/wp-json\/wp\/v2\/pages\/281","targetHints":{"allow":["GET"]}}],"collection":[{"href":"https:\/\/www.hunton.no\/marketing\/wp-json\/wp\/v2\/pages"}],"about":[{"href":"https:\/\/www.hunton.no\/marketing\/wp-json\/wp\/v2\/types\/page"}],"author":[{"embeddable":true,"href":"https:\/\/www.hunton.no\/marketing\/wp-json\/wp\/v2\/users\/27"}],"replies":[{"embeddable":true,"href":"https:\/\/www.hunton.no\/marketing\/wp-json\/wp\/v2\/comments?post=281"}],"version-history":[{"count":0,"href":"https:\/\/www.hunton.no\/marketing\/wp-json\/wp\/v2\/pages\/281\/revisions"}],"up":[{"embeddable":true,"href":"https:\/\/www.hunton.no\/marketing\/wp-json\/wp\/v2\/pages\/252"}],"wp:attachment":[{"href":"https:\/\/www.hunton.no\/marketing\/wp-json\/wp\/v2\/media?parent=281"}],"curies":[{"name":"wp","href":"https:\/\/api.w.org\/{rel}","templated":true}]}}